{"id":32,"date":"2012-02-13T15:38:38","date_gmt":"2012-02-13T14:38:38","guid":{"rendered":"http:\/\/www.adamsberg.com\/?page_id=32"},"modified":"2020-10-22T12:59:54","modified_gmt":"2020-10-22T11:59:54","slug":"diverse-ratter","status":"publish","type":"page","link":"https:\/\/www.adamsberg.com\/?page_id=32","title":{"rendered":"Diverse r\u00e4tter"},"content":{"rendered":"<table width=\"461\">\n<tbody>\n<tr>\n<td>Mixad gr\u00f6nsallad med \u00f6rts\u00e5s<\/td>\n<td>\n<div align=\"right\">12\u00a0kr<\/div>\n<\/td>\n<\/tr>\n<tr>\n<td>Kuvertbr\u00f6d, h\u00e4llbr\u00f6d och sm\u00f6r<\/td>\n<td>\n<div align=\"right\">8\u00a0kr<\/div>\n<\/td>\n<\/tr>\n<\/tbody>\n<\/table>\n<table width=\"461\">\n<tbody>\n<tr>\n<td>Rundg\u00e5ng med lax, r\u00e4kor, skinka, ost<\/td>\n<td>\n<div align=\"right\">105 kr\/person<\/div>\n<\/td>\n<\/tr>\n<tr>\n<td>Sm\u00f6rg\u00e5st\u00e5rta med lax och r\u00e4kor<\/td>\n<td>\n<div align=\"right\">85 kr<\/div>\n<\/td>\n<\/tr>\n<tr>\n<td>Sm\u00f6rg\u00e5st\u00e5rta med skinka\u00a0och r\u00e4kor<\/td>\n<td>\n<div align=\"right\">85 kr<\/div>\n<\/td>\n<\/tr>\n<tr>\n<td>Sm\u00f6rg\u00e5st\u00e5rta vegetarisk med ost<\/td>\n<td>\n<div align=\"right\">85 kr<\/div>\n<\/td>\n<\/tr>\n<tr>\n<td>K\u00f6ttsoppa med rotsaker<\/td>\n<td>\n<div align=\"right\">52\u00a0kr<\/div>\n<\/td>\n<\/tr>\n<tr>\n<td>Gr\u00f6nsakssoppa med &#8221;sting&#8221;<\/td>\n<td>\n<div align=\"right\">52\u00a0kr<\/div>\n<\/td>\n<\/tr>\n<tr>\n<td>\u00c4rtsoppa med rimmat k\u00f6tt, senap<\/td>\n<td>\n<div align=\"right\">52\u00a0kr<\/div>\n<\/td>\n<\/tr>\n<tr>\n<td>Skinkpaj med broccoli<\/td>\n<td>\n<div align=\"right\">52\u00a0kr<\/div>\n<\/td>\n<\/tr>\n<tr>\n<td>Laxpaj med spenat<\/td>\n<td>\n<div align=\"right\">52\u00a0kr<\/div>\n<\/td>\n<\/tr>\n<tr>\n<td>K\u00f6ttf\u00e4rspaj<\/td>\n<td>\n<div align=\"right\">52\u00a0kr<\/div>\n<\/td>\n<\/tr>\n<tr>\n<td>R\u00e4kpaj<\/td>\n<td>\n<div align=\"right\">52\u00a0kr<\/div>\n<\/td>\n<\/tr>\n<tr>\n<td>Vegetarisk paj med \u00e4delost<\/td>\n<td>\n<div align=\"right\">52\u00a0kr<\/div>\n<\/td>\n<\/tr>\n<tr>\n<td>V\u00e4sterbottenpaj<\/td>\n<td>\n<div align=\"right\">62 kr<\/div>\n<\/td>\n<\/tr>\n<tr>\n<td>Pastasallad med skinka\u00a0och salladsost<\/td>\n<td>\n<div align=\"right\">68\u00a0kr<\/div>\n<\/td>\n<\/tr>\n<tr>\n<td>Pastasallad med kyckling och salladsost<\/td>\n<td>\n<div align=\"right\">68\u00a0kr<\/div>\n<\/td>\n<\/tr>\n<tr>\n<td>Pastasallad med &#8221;sting&#8221; och lax<\/td>\n<td>\n<div align=\"right\">68 kr<\/div>\n<\/td>\n<\/tr>\n<tr>\n<td>Lasagne med n\u00f6tk\u00f6tt<\/td>\n<td>\n<div align=\"right\">68\u00a0kr<\/div>\n<\/td>\n<\/tr>\n<tr>\n<td>Vegetarisk lasagne med &#8221;sting&#8221;<\/td>\n<td>\n<div align=\"right\">68\u00a0kr<\/div>\n<\/td>\n<\/tr>\n<tr>\n<td>Laxpudding med potatis<\/td>\n<td>\n<div align=\"right\">68\u00a0kr<\/div>\n<\/td>\n<\/tr>\n<tr>\n<td>Kassler med purjol\u00f6k och \u00e4delosts\u00e5s, potatis<\/td>\n<td>\n<div align=\"right\">68\u00a0kr<\/div>\n<\/td>\n<\/tr>\n<tr>\n<td>K\u00f6ttgryta med gr\u00f6nsaker, klyftpotatis<\/td>\n<td>\n<div align=\"right\">\u00a088\u00a0kr<\/div>\n<\/td>\n<\/tr>\n<tr>\n<td>Kycklinggryta med champinjoner, klyftpotatis<\/td>\n<td>\n<div align=\"right\">88\u00a0kr<\/div>\n<\/td>\n<\/tr>\n<tr>\n<td>Gryta med fl\u00e4skfil\u00e9, klyftpotatis<\/td>\n<td>\n<div align=\"right\">88 kr<\/div>\n<\/td>\n<\/tr>\n<tr>\n<td>Lax med gr\u00f6npeppars\u00e5s, potatis<\/td>\n<td>\n<div align=\"right\">88 kr<\/div>\n<\/td>\n<\/tr>\n<\/tbody>\n<\/table>\n<p align=\"center\"><img loading=\"lazy\" decoding=\"async\" src=\"..\/images\/buffe.jpg\" alt=\"Buffeer\" width=\"369\" height=\"245\" \/><\/p>\n<div id=\"moms\">\n<p><em>Moms ing\u00e5r i alla priser. Samtliga priser \u00e4r per person om ej annat anges.<\/em><\/p>\n<\/div>\n","protected":false},"excerpt":{"rendered":"<p>Mixad gr\u00f6nsallad med \u00f6rts\u00e5s 12\u00a0kr Kuvertbr\u00f6d, h\u00e4llbr\u00f6d och sm\u00f6r 8\u00a0kr Rundg\u00e5ng med lax, r\u00e4kor, skinka, ost 105 kr\/person Sm\u00f6rg\u00e5st\u00e5rta med lax och r\u00e4kor 85 kr Sm\u00f6rg\u00e5st\u00e5rta med skinka\u00a0och r\u00e4kor 85 kr Sm\u00f6rg\u00e5st\u00e5rta vegetarisk med ost 85 kr K\u00f6ttsoppa med rotsaker &hellip; <a href=\"https:\/\/www.adamsberg.com\/?page_id=32\">Forts\u00e4tt l\u00e4sa <span class=\"meta-nav\">&rarr;<\/span><\/a><\/p>\n","protected":false},"author":1,"featured_media":0,"parent":0,"menu_order":0,"comment_status":"closed","ping_status":"open","template":"","meta":{"footnotes":""},"class_list":["post-32","page","type-page","status-publish","hentry"],"_links":{"self":[{"href":"https:\/\/www.adamsberg.com\/index.php?rest_route=\/wp\/v2\/pages\/32","targetHints":{"allow":["GET"]}}],"collection":[{"href":"https:\/\/www.adamsberg.com\/index.php?rest_route=\/wp\/v2\/pages"}],"about":[{"href":"https:\/\/www.adamsberg.com\/index.php?rest_route=\/wp\/v2\/types\/page"}],"author":[{"embeddable":true,"href":"https:\/\/www.adamsberg.com\/index.php?rest_route=\/wp\/v2\/users\/1"}],"replies":[{"embeddable":true,"href":"https:\/\/www.adamsberg.com\/index.php?rest_route=%2Fwp%2Fv2%2Fcomments&post=32"}],"version-history":[{"count":8,"href":"https:\/\/www.adamsberg.com\/index.php?rest_route=\/wp\/v2\/pages\/32\/revisions"}],"predecessor-version":[{"id":278,"href":"https:\/\/www.adamsberg.com\/index.php?rest_route=\/wp\/v2\/pages\/32\/revisions\/278"}],"wp:attachment":[{"href":"https:\/\/www.adamsberg.com\/index.php?rest_route=%2Fwp%2Fv2%2Fmedia&parent=32"}],"curies":[{"name":"wp","href":"https:\/\/api.w.org\/{rel}","templated":true}]}}