{"id":40,"date":"2012-02-13T15:40:49","date_gmt":"2012-02-13T14:40:49","guid":{"rendered":"http:\/\/www.adamsberg.com\/?page_id=40"},"modified":"2022-10-10T12:57:29","modified_gmt":"2022-10-10T11:57:29","slug":"brollopstartor","status":"publish","type":"page","link":"https:\/\/www.adamsberg.com\/?page_id=40","title":{"rendered":"Br\u00f6llopst\u00e5rtor"},"content":{"rendered":"<p>\u00c4r du p\u00e5 jakt efter en br\u00f6llopst\u00e5rta, kan vi givetvis skapa den \u00e5t dig. Vi har l\u00e5ng erfarenhet av olika slags br\u00f6llopst\u00e5rtor. V\u00e4nd dig till oss med f\u00f6rtroende.<\/p>\n<h3>Romantisk br\u00f6llopst\u00e5rta med rosor och namn, utan t\u00e5rtst\u00e4llning<\/h3>\n<p>70 kr\/person<\/p>\n<p><img loading=\"lazy\" decoding=\"async\" class=\"alignnone size-full wp-image-144\" title=\"brollop1\" src=\"http:\/\/www.adamsberg.com\/wp-content\/uploads\/2012\/02\/brollop1.jpg\" alt=\"\" width=\"300\" height=\"234\" \/><\/p>\n<h3>Romantisk br\u00f6llopst\u00e5rta med rosor, namn och t\u00e5rtst\u00e4llning<\/h3>\n<p>80 kr\/person<\/p>\n<p><a href=\"http:\/\/www.adamsberg.com\/wp-content\/uploads\/2022\/10\/Broloppstartor-2.jpg\"><img loading=\"lazy\" decoding=\"async\" class=\"alignnone size-medium wp-image-312\" src=\"http:\/\/www.adamsberg.com\/wp-content\/uploads\/2022\/10\/Broloppstartor-2-225x300.jpg\" alt=\"\" width=\"225\" height=\"300\" srcset=\"https:\/\/www.adamsberg.com\/wp-content\/uploads\/2022\/10\/Broloppstartor-2-225x300.jpg 225w, https:\/\/www.adamsberg.com\/wp-content\/uploads\/2022\/10\/Broloppstartor-2-768x1024.jpg 768w, https:\/\/www.adamsberg.com\/wp-content\/uploads\/2022\/10\/Broloppstartor-2.jpg 1125w\" sizes=\"auto, (max-width: 225px) 100vw, 225px\" \/><\/a><\/p>\n<h3>T\u00e5rtbrudpar<\/h3>\n<p>130 kr\/st<\/p>\n<p><img loading=\"lazy\" decoding=\"async\" src=\"..\/images\/par.jpg\" alt=\"T\u00e5rtbrudpar\" width=\"192\" height=\"256\" \/><\/p>\n<p><a href=\"http:\/\/www.adamsberg.com\/wp-content\/uploads\/2022\/10\/Tartuppsattning-2.jpg\"><img loading=\"lazy\" decoding=\"async\" class=\"alignnone size-medium wp-image-314\" src=\"http:\/\/www.adamsberg.com\/wp-content\/uploads\/2022\/10\/Tartuppsattning-2-225x300.jpg\" alt=\"\" width=\"225\" height=\"300\" srcset=\"https:\/\/www.adamsberg.com\/wp-content\/uploads\/2022\/10\/Tartuppsattning-2-225x300.jpg 225w, https:\/\/www.adamsberg.com\/wp-content\/uploads\/2022\/10\/Tartuppsattning-2-768x1024.jpg 768w, https:\/\/www.adamsberg.com\/wp-content\/uploads\/2022\/10\/Tartuppsattning-2-1152x1536.jpg 1152w, https:\/\/www.adamsberg.com\/wp-content\/uploads\/2022\/10\/Tartuppsattning-2.jpg 1536w\" sizes=\"auto, (max-width: 225px) 100vw, 225px\" \/><\/a><\/p>\n<div id=\"moms\">\n<p><em>Moms ing\u00e5r i alla priser. Samtliga priser \u00e4r per person om ej annat anges.<\/em><\/p>\n<p><a href=\"http:\/\/www.adamsberg.com\/wp-content\/uploads\/2022\/10\/Narbild-prinsesstarta-2.jpg\"><img loading=\"lazy\" decoding=\"async\" class=\"alignnone size-medium wp-image-315\" src=\"http:\/\/www.adamsberg.com\/wp-content\/uploads\/2022\/10\/Narbild-prinsesstarta-2-225x300.jpg\" alt=\"\" width=\"225\" height=\"300\" srcset=\"https:\/\/www.adamsberg.com\/wp-content\/uploads\/2022\/10\/Narbild-prinsesstarta-2-225x300.jpg 225w, https:\/\/www.adamsberg.com\/wp-content\/uploads\/2022\/10\/Narbild-prinsesstarta-2-768x1024.jpg 768w, https:\/\/www.adamsberg.com\/wp-content\/uploads\/2022\/10\/Narbild-prinsesstarta-2-1152x1536.jpg 1152w, https:\/\/www.adamsberg.com\/wp-content\/uploads\/2022\/10\/Narbild-prinsesstarta-2.jpg 1536w\" sizes=\"auto, (max-width: 225px) 100vw, 225px\" \/><\/a><\/p>\n<p><a href=\"http:\/\/www.adamsberg.com\/wp-content\/uploads\/2012\/02\/broloppstarta.jpg\"><img loading=\"lazy\" decoding=\"async\" class=\"alignnone size-medium wp-image-249\" src=\"http:\/\/www.adamsberg.com\/wp-content\/uploads\/2012\/02\/broloppstarta-300x185.jpg\" alt=\"broloppstarta\" width=\"300\" height=\"185\" srcset=\"https:\/\/www.adamsberg.com\/wp-content\/uploads\/2012\/02\/broloppstarta-300x185.jpg 300w, https:\/\/www.adamsberg.com\/wp-content\/uploads\/2012\/02\/broloppstarta-768x474.jpg 768w, https:\/\/www.adamsberg.com\/wp-content\/uploads\/2012\/02\/broloppstarta-1024x632.jpg 1024w\" sizes=\"auto, (max-width: 300px) 100vw, 300px\" \/><\/a>\u00a0\u00a0 <a href=\"http:\/\/www.adamsberg.com\/wp-content\/uploads\/2012\/02\/broloppstarta2.jpg\"><img loading=\"lazy\" decoding=\"async\" class=\"alignnone size-medium wp-image-250\" src=\"http:\/\/www.adamsberg.com\/wp-content\/uploads\/2012\/02\/broloppstarta2-300x200.jpg\" alt=\"broloppstarta2\" width=\"300\" height=\"200\" srcset=\"https:\/\/www.adamsberg.com\/wp-content\/uploads\/2012\/02\/broloppstarta2-300x200.jpg 300w, https:\/\/www.adamsberg.com\/wp-content\/uploads\/2012\/02\/broloppstarta2-768x512.jpg 768w, https:\/\/www.adamsberg.com\/wp-content\/uploads\/2012\/02\/broloppstarta2-1024x683.jpg 1024w\" sizes=\"auto, (max-width: 300px) 100vw, 300px\" \/><\/a><\/p>\n<\/div>\n","protected":false},"excerpt":{"rendered":"<p>\u00c4r du p\u00e5 jakt efter en br\u00f6llopst\u00e5rta, kan vi givetvis skapa den \u00e5t dig. Vi har l\u00e5ng erfarenhet av olika slags br\u00f6llopst\u00e5rtor. V\u00e4nd dig till oss med f\u00f6rtroende. Romantisk br\u00f6llopst\u00e5rta med rosor och namn, utan t\u00e5rtst\u00e4llning 70 kr\/person Romantisk br\u00f6llopst\u00e5rta &hellip; <a href=\"https:\/\/www.adamsberg.com\/?page_id=40\">Forts\u00e4tt l\u00e4sa <span class=\"meta-nav\">&rarr;<\/span><\/a><\/p>\n","protected":false},"author":1,"featured_media":0,"parent":0,"menu_order":0,"comment_status":"closed","ping_status":"open","template":"","meta":{"footnotes":""},"class_list":["post-40","page","type-page","status-publish","hentry"],"_links":{"self":[{"href":"https:\/\/www.adamsberg.com\/index.php?rest_route=\/wp\/v2\/pages\/40","targetHints":{"allow":["GET"]}}],"collection":[{"href":"https:\/\/www.adamsberg.com\/index.php?rest_route=\/wp\/v2\/pages"}],"about":[{"href":"https:\/\/www.adamsberg.com\/index.php?rest_route=\/wp\/v2\/types\/page"}],"author":[{"embeddable":true,"href":"https:\/\/www.adamsberg.com\/index.php?rest_route=\/wp\/v2\/users\/1"}],"replies":[{"embeddable":true,"href":"https:\/\/www.adamsberg.com\/index.php?rest_route=%2Fwp%2Fv2%2Fcomments&post=40"}],"version-history":[{"count":11,"href":"https:\/\/www.adamsberg.com\/index.php?rest_route=\/wp\/v2\/pages\/40\/revisions"}],"predecessor-version":[{"id":316,"href":"https:\/\/www.adamsberg.com\/index.php?rest_route=\/wp\/v2\/pages\/40\/revisions\/316"}],"wp:attachment":[{"href":"https:\/\/www.adamsberg.com\/index.php?rest_route=%2Fwp%2Fv2%2Fmedia&parent=40"}],"curies":[{"name":"wp","href":"https:\/\/api.w.org\/{rel}","templated":true}]}}